{"id":387,"date":"2020-03-03T12:27:40","date_gmt":"2020-03-03T11:27:40","guid":{"rendered":"http:\/\/place-of-defence.de\/?page_id=387"},"modified":"2020-03-03T12:27:40","modified_gmt":"2020-03-03T11:27:40","slug":"defensive-taktik","status":"publish","type":"page","link":"https:\/\/place-of-defence.de\/?page_id=387","title":{"rendered":"Defensive Taktik"},"content":{"rendered":"\n<p>Verteidigungs-Taktiken In einem echten Kampf muss man sich auf eine Handvoll einfacher, grobmotorischer F\u00e4higkeiten, Schl\u00e4ge und Block-Techniken verlassen um zu \u00fcberleben. Dieser Kurs wird wortw\u00f6rtlich Schritt f\u00fcr Schritt alles zeigen was man wissen muss, jeder Bereich des K\u00f6rpers wird f\u00fcr den unbewaffneten Kampf genutzt. Es werden dieselben Techniken gezeigt die auch Soldaten von Spezialeinheiten, SWAT-Beamte, Gef\u00e4ngniswachen und Sicherheitskr\u00e4fte lernen. Es kommt nicht darauf an ob man \u00fcber einen schwarzen G\u00fcrtel verf\u00fcgt, ein Kampftaucher der Navy SEALs ist oder ein Anf\u00e4nger, dieser Kurs wird k\u00f6rperliche Konflikte in einem Ma\u00dfe vereinfachen, wie die meisten es bisher noch nicht gesehen haben. In diesem Kurs lernt man alles \u00fcber Gefahrenzonen und die Rechtslage bei Gewaltanwendung. Man lernt Gefahren und Situationen richtig einzusch\u00e4tzen und \u00fcbt wie man mit Konflikten richtig umgeht. In diesem revolution\u00e4ren Kurs lernt man, dass es nur zehn wesentliche Richtungen gibt in die man sich in einer Kampfsituation bewegen kann, dass es zehn M\u00f6glichkeiten gibt anzugreifen und zehn um einen Angriff abzuwehren, Jim Wagners sogenanntes metrisches System! Ebenfalls wird man Begriffe h\u00f6ren, die in den meisten Selbstverteidigungs-Systemen nicht auftauchen, wie zum Beispiel \u201ePiston-Concept\u201c (\u201edas Kolben-Prinzip\u201c), Mannstoppwirkung, Jagdinstinkt, Trainingsdokumentation, Auswirkung kinetischer Einfl\u00fcsse auf den K\u00f6rper und vieles mehr.<\/p>\n","protected":false},"excerpt":{"rendered":"<p>Verteidigungs-Taktiken In einem echten Kampf muss man sich auf eine Handvoll einfacher, grobmotorischer F\u00e4higkeiten, Schl\u00e4ge und Block-Techniken verlassen um zu [&hellip;]<\/p>\n","protected":false},"author":1,"featured_media":0,"parent":0,"menu_order":0,"comment_status":"closed","ping_status":"closed","template":"","meta":{"footnotes":""},"class_list":["post-387","page","type-page","status-publish","hentry"],"_links":{"self":[{"href":"https:\/\/place-of-defence.de\/index.php?rest_route=\/wp\/v2\/pages\/387","targetHints":{"allow":["GET"]}}],"collection":[{"href":"https:\/\/place-of-defence.de\/index.php?rest_route=\/wp\/v2\/pages"}],"about":[{"href":"https:\/\/place-of-defence.de\/index.php?rest_route=\/wp\/v2\/types\/page"}],"author":[{"embeddable":true,"href":"https:\/\/place-of-defence.de\/index.php?rest_route=\/wp\/v2\/users\/1"}],"replies":[{"embeddable":true,"href":"https:\/\/place-of-defence.de\/index.php?rest_route=%2Fwp%2Fv2%2Fcomments&post=387"}],"version-history":[{"count":1,"href":"https:\/\/place-of-defence.de\/index.php?rest_route=\/wp\/v2\/pages\/387\/revisions"}],"predecessor-version":[{"id":389,"href":"https:\/\/place-of-defence.de\/index.php?rest_route=\/wp\/v2\/pages\/387\/revisions\/389"}],"wp:attachment":[{"href":"https:\/\/place-of-defence.de\/index.php?rest_route=%2Fwp%2Fv2%2Fmedia&parent=387"}],"curies":[{"name":"wp","href":"https:\/\/api.w.org\/{rel}","templated":true}]}}