{"id":231,"date":"2016-07-17T19:32:48","date_gmt":"2016-07-17T17:32:48","guid":{"rendered":"http:\/\/place-of-defence.de\/?page_id=231"},"modified":"2016-07-17T19:57:42","modified_gmt":"2016-07-17T17:57:42","slug":"sicherheitsunterweisung","status":"publish","type":"page","link":"https:\/\/place-of-defence.de\/?page_id=231","title":{"rendered":"Sicherheitsunterweisung"},"content":{"rendered":"<p style=\"text-align: center;\"><strong>Sicherheitsbelehrung<\/strong><\/p>\n<ol>\n<li>Vor Beginn der Trainingseinheit melden sich Teilnehmer mit gesundheitlichen Problemen, bitte beim Ausbildungspersonal.<\/li>\n<li>W\u00e4hrend der Trainingseinheit sind zu Beginn jeder Trainingseinheit mit vorbereitender Gymnastik, Muskeln und Gelenke aufzuw\u00e4rmen, um Verletzungen vorzubeugen.<\/li>\n<li>Vor Beginn der Trainingseinheit wird eine Sicherheits\u00fcberpr\u00fcfung durch die Ausbilder vorgenommen.<\/li>\n<li>Vor Beginn der Trainingseinheit m\u00fcssen Fingern\u00e4gel m\u00f6glichst kurz geschnitten worden sein und lange Haare zusammengebunden werden.<\/li>\n<li>Vor Beginn der Trainingseinheit sind Uhren, Halsketten, Ringe, G\u00fcrtelschnallen und \u00e4hnliche eventuell gef\u00e4hrdende Gegenst\u00e4nde abzulegen.<\/li>\n<li>W\u00e4hrend der Trainingseinheit ist den Anweisungen des Sicherheitspersonal (Trainer) unverz\u00fcglich Folge zu leisten.<\/li>\n<li>W\u00e4hrend der Trainingseinheit wechseln die Trainingspartner mehrmals (auch geschlechter\u00fcbergreifende Trainingssituationen werden entstehen).<\/li>\n<li>W\u00e4hrend der Trainingseinheit ist beim angeleiteten Freikampf ein Verh\u00e4ltnis von Ausbildern zu Auszubildenden von h\u00f6chstens 1:8 zu beachten.<\/li>\n<li>W\u00e4hrend der Trainingseinheit werden Sie eventuell Beschimpfungen ausgesetzt sein, die f\u00fcr die Ausbildungssituation im Handlungs- und Verhaltenstraining wichtig sind. Diese sind lediglich Teil der Trainingseinheit und sind in keinem Fall pers\u00f6nlich zu nehmen.<\/li>\n<li>W\u00e4hrend der Trainingseinheit d\u00fcrfen nur ausgegebene Trainingsgegenst\u00e4nde als \u201eWaffen\u201c genutzt werden.<\/li>\n<li>W\u00e4hrend der Trainingseinheit sind Ausbildungswaffen jeder Art nach der damit verbundenen Trainingseinheit unverz\u00fcglich wieder abzugeben.<\/li>\n<li>W\u00e4hrend der Trainingseinheit d\u00fcrfen Tritte, Schla\u0308ge und St\u00f6se nur durch leichtem Kontakt simuliert werden.<\/li>\n<li>Der Griff in die Augen, der Fausthammerschlag und der Pressluftschlag d\u00fcrfen nur angedeutet werden.<\/li>\n<li>Der Einsatz der vollen K\u00f6rperkraft ist ohne den Schutz des Partners durch geeigneten Ausbildungsmitteln (Schlagpolster oder Schutzausstattung) verboten<\/li>\n<li>W\u00e4hrend der Trainingseinheit erfolgt das Aufgeben durch eines der Aufgabezeichen unverz\u00fcglich wenn die eigene Schmerzschwelle erreicht wird, nicht die Schmerzgrenze.<\/li>\n<li>W\u00e4hrend der Trainingseinheit muss jeder Teilnehmer folgende Aufgabezeichen beherrschen und erkennen:<\/li>\n<li>a. Mehrmaliges klopfen auf den Boden oder den K\u00f6rper des Trainingspartners<\/li>\n<li>b. Rufen von \u201eLosen\u201c bzw. \u201eFeuer einstellen\u201c<\/li>\n<li>Im Verletzungsfall melden sich die betroffenen Teilnehmer unverz\u00fcglich beim Ausbildungspersonal.<\/li>\n<li>Im Verletzungsfall werden betroffene Teilnehmer vom Ausbildungspersonal zum Arzt begleitet.<\/li>\n<\/ol>\n<p style=\"text-align: center;\"><strong>Haftungsausschuss PDF<\/strong><\/p>\n<p><a href=\"https:\/\/place-of-defence.de\/wp-content\/uploads\/2016\/07\/Einverst\u00e4ndniserkl\u00e4rung.pdf\">Einverst\u00e4ndniserkl\u00e4rung<\/a><\/p>\n<p>&nbsp;<\/p>\n<p>&nbsp;<\/p>\n<p>&nbsp;<\/p>\n","protected":false},"excerpt":{"rendered":"<p>Sicherheitsbelehrung Vor Beginn der Trainingseinheit melden sich Teilnehmer mit gesundheitlichen Problemen, bitte beim Ausbildungspersonal. W\u00e4hrend der Trainingseinheit sind zu Beginn [&hellip;]<\/p>\n","protected":false},"author":1,"featured_media":0,"parent":0,"menu_order":0,"comment_status":"closed","ping_status":"closed","template":"","meta":{"footnotes":""},"class_list":["post-231","page","type-page","status-publish","hentry"],"_links":{"self":[{"href":"https:\/\/place-of-defence.de\/index.php?rest_route=\/wp\/v2\/pages\/231","targetHints":{"allow":["GET"]}}],"collection":[{"href":"https:\/\/place-of-defence.de\/index.php?rest_route=\/wp\/v2\/pages"}],"about":[{"href":"https:\/\/place-of-defence.de\/index.php?rest_route=\/wp\/v2\/types\/page"}],"author":[{"embeddable":true,"href":"https:\/\/place-of-defence.de\/index.php?rest_route=\/wp\/v2\/users\/1"}],"replies":[{"embeddable":true,"href":"https:\/\/place-of-defence.de\/index.php?rest_route=%2Fwp%2Fv2%2Fcomments&post=231"}],"version-history":[{"count":14,"href":"https:\/\/place-of-defence.de\/index.php?rest_route=\/wp\/v2\/pages\/231\/revisions"}],"predecessor-version":[{"id":248,"href":"https:\/\/place-of-defence.de\/index.php?rest_route=\/wp\/v2\/pages\/231\/revisions\/248"}],"wp:attachment":[{"href":"https:\/\/place-of-defence.de\/index.php?rest_route=%2Fwp%2Fv2%2Fmedia&parent=231"}],"curies":[{"name":"wp","href":"https:\/\/api.w.org\/{rel}","templated":true}]}}